ppose 2*u - 1223 - 657 = -2*t, 5*t - 4*u = 4700. What are the prime factors of t?
2, 5, 47
Let o(j) = -j**2 - j + 3. Let u be o(0). Suppose 4*y + 47 = 5*m + 141, 0 = u*y - m - 65. Let h = 7 + y. What are the prime factors of h?
2, 7
Suppose 265 = 11*v - 21. List the prime factors of v.
2, 13
Let y(w) = w**3 + 37*w**2 + 23*w - 75. What are the prime factors of y(-34)?
7, 373
List the prime factors of ((-18)/(-27))/(2/459).
3, 17
Suppose -21 = -3*v - 4*a + a, 5*a = -v + 23. List the prime factors of (112/6)/(v/18).
2, 7
Let k(w) = -w. Let r(n) = -7*n - 3. Let c(x) = -10*k(x) + 2*r(x). Let g(m) = 2*m**2 - 25*m + 8. Let l be g(12). List the prime factors of c(l).
2, 5
Let w(t) = 84*t + 24. Let y be w(7). Suppose 7*v - 3*v = y. What are the prime factors of v?
3, 17
Suppose 1864 = -12*d + 8404. List the prime factors of d.
5, 109
Suppose o + a + 7 = 4*o, -2*a + 6 = 4*o. Suppose -o = -0*f - f. List the prime factors of (-5)/f*132/(-10).
3, 11
Let c = -97 - -27. Let r be 276/14 - 20/c. Let m = 36 - r. What are the prime factors of m?
2
Suppose -189 = 5*n - 2*n. Let w = 252 - 270. Let v = w - n. List the prime factors of v.
3, 5
Let y(a) = 22*a - 15. Let l = 26 + -21. List the prime factors of y(l).
5, 19
Let k be (-4 - 20/(-4))/(1/4). Suppose 4*v = 2*g - 257 + 45, 2*v - k = 0. What are the prime factors of g?
2, 5, 11
Suppose 2*p - t = -4, 5*p - 2*t + 0*t + 10 = 0. Let v be p/(-3)*(-6 - -9). Suppose v*r = 28 + 34. What are the prime factors of r?
31
Suppose 3*g - 9 = -3*y, -g - 5 = 4*y - 2. Suppose -3*k - 2*q + 65 = -19, -g*k + q = -153. Suppose 9*r - k = 4*r. What are the prime factors of r?
2, 3
Let p = 3 - 0. Suppose p*d - 2*d = -2. Let b = 23 + d. List the prime factors of b.
3, 7
Suppose -3*t - 5*m = -199, -4*t - 2*m = -t - 202. Suppose -3*a - 44 = -4*p, 3*a = -p - 3*p + t. What are the prime factors of p?
2, 7
Let d be (0 - 26)*(-7 + 9). Let u be 4/26 - (-8)/d. Suppose 5*p + 0 - 170 = u. List the prime factors of p.
2, 17
Suppose 5*n = 6*v - v + 5, 4*v + 6 = 5*n. Suppose -n*c - 9 = -43. What are the prime factors of c?
17
Suppose 2*g + 2744 = 9*g. What are the prime factors of g?
2, 7
Suppose -3*f = t - 607, -3*t + 3*f = -904 - 881. What are the prime factors of t?
2, 13, 23
Let b = -892 - -3880. List the prime factors of b.
2, 3, 83
Suppose -3038 + 934 = -8*m. What are the prime factors of m?
263
Let u = -7893 + 12755. List the prime factors of u.
2, 11, 13, 17
Suppose 704 = 4*g - 4*b, -3*g - 2*b = -759 + 251. List the prime factors of g.
2, 43
Suppose 1354 + 2090 = 14*t. Let w = t - 63. List the prime factors of w.
3, 61
What are the prime factors of (9/6)/(41875/5980 - 7)?
2, 13, 23
Suppose 5*h - 2*x + 28 = 0, -4*h - 20 = -2*h - 3*x. Let b be 0 + ((-8)/h - -41). Let o = -21 + b. What are the prime factors of o?
2, 11
Let r(i) be the third derivative of i**5/60 - 11*i**4/24 - 19*i**3/6 + 11*i**2. List the prime factors of r(13).
7
Let f(w) be the first derivative of 3*w**2/2 - 22*w - 10. Let b be f(9). Suppose 108 = -3*s + b*s. What are the prime factors of s?
2, 3
Suppose -4*m + 17 = 3*x + 2*x, 0 = -m - 3*x + 13. Let g be m/17 + 1512/136. Suppose g*w - 2 = 10*w. What are the prime factors of w?
2
Let z be 0 + (-30)/(-5)*5. What are the prime factors of z/(-3)*(2 - 156/10)?
2, 17
Let c be -2 + (-9)/(-3) + -3. Let d = 0 - c. Suppose -300 = -5*i + 5*h, -2*i - 3*h - d*h = -113. List the prime factors of i.
59
Let w be 0*(4 + (-2 - 3)). Suppose -c = 4*o - 17, -o - o = -4*c + 14. Suppose u - 31 = 3*q, w*u - o*u - 5*q + 51 = 0. List the prime factors of u.
2, 11
Let s = 18 - 16. Let u be (2 + 3)/(s/20). Suppose 0*x + 3*x - 2*g - u = 0, 3*x = -5*g + 64. List the prime factors of x.
2, 3
What are the prime factors of 6*-23*(3 + (-33)/6)?
3, 5, 23
Let i(f) = 2*f**3 - 8*f**2 - 2*f - 5. Let p be (-10)/(-3) + 2 + 8/(-24). List the prime factors of i(p).
5, 7
Suppose -1448 = -10*o + 20792. List the prime factors of o.
2, 139
List the prime factors of (-528)/22*168/(-9).
2, 7
What are the prime factors of (-60)/12 - (1 - 26)?
2, 5
Let t be ((-28)/(-4) + -2)/((-1)/107). What are the prime factors of (1 - 0)/((-5)/t)?
107
Let x(z) = 2*z**2 - 14*z - 56. What are the prime factors of x(-14)?
2, 7, 19
Let i(w) = -3*w. Let o be (-9)/21 - (-8)/(-14). Let j be i(o). Suppose 0 = 3*k - k + j*b - 57, -2*b + 10 = 0. What are the prime factors of k?
3, 7
Let o = -20 - 18. Let i = 60 + o. What are the prime factors of i?
2, 11
Let c be 7/2 + (-4)/8. Suppose 0*a + c*a = 12. Suppose a*p = -5*z + z + 152, 4*p = 5*z - 163. List the prime factors of z.
5, 7
Let r = 2284 + 2837. List the prime factors of r.
3, 569
Let x(d) = 9*d**2 + 3. Let l(v) = -v**2 + 9*v - 4. Let b be l(9). Let y be -6 + (-12 + b)/(-4). What are the prime factors of x(y)?
3, 13
Let n(i) = -i**3 + 6*i**2 - 7*i + 2. Let v be n(5). List the prime factors of (-4)/v - (-109)/2.
5, 11
Suppose 0 = -0*u + 3*u - 21. Suppose -3*d + 3*s = -2*d + 3, -5*d = -4*s - u. Suppose -d*y + 0*r = 2*r - 77, 3*y + 5*r - 89 = 0. List the prime factors of y.
23
Let a be 67/(-13) - 6/(-39). Let h(b) = -6*b**2 - 6*b. Let y be h(a). What are the prime factors of (1/2)/((-5)/y)?
2, 3
Suppose 25 = 3*q - 26. Suppose -13*d = -q*d + 8. List the prime factors of 2/d + 17 + 2.
2, 5
Let w(a) = -4*a - a**2 + 3*a + 0*a**2 + 1. Let r(v) = 5*v**2 - 4*v - 4. Let o(n) = -r(n) - 4*w(n). What are the prime factors of o(6)?
2, 3
Let n(c) = -c**2 + 3*c + 1. Let a be n(3). Suppose 0 = -3*u + 2*f + 31, -2*u + 4*f - 19 = -53. Let o = u - a. What are the prime factors of o?
2, 3
List the prime factors of -4 - 2/(-4 + 3620/906).
449
Suppose 1190 - 63370 = -20*s. What are the prime factors of s?
3109
Let q be (9/(-12))/(-1) + 26/8. Let o(u) = 22*u - 22. List the prime factors of o(q).
2, 3, 11
Suppose -4*i + i + 6 = 0. Suppose 0 = i*w - 5*w + 6. Suppose -2*r = w*r - 148. What are the prime factors of r?
37
Suppose 4*b = -2*m - 2, 0*b + 11 = -2*b - 3*m. Suppose -21 = -b*u + 15. List the prime factors of u.
2, 3
Let f(z) = -z**2 + 19*z - 20. Let t be f(20). Suppose b = -b + 178. Let m = b + t. List the prime factors of m.
7
Let c(u) = u**2 - 1 - 1016*u**3 + u + 1054*u**3 + 0*u**2. Let z = -1 + 2. List the prime factors of c(z).
3, 13
Let l(i) = 63*i**2 + 5*i + 55. What are the prime factors of l(-7)?
13, 239
Let d(l) = 2*l**2 + 12*l + 2. Let b be d(-6). Suppose 5*h + 5*m - 612 = -12, -228 = -b*h + 4*m. Let i = h + -70. List the prime factors of i.
2, 3
Let n = 1147 + 261. List the prime factors of n.
2, 11
List the prime factors of (4*20/(-48))/(2/(-258)).
5, 43
Let u be (-84)/(-5) + (-1)/(-5). Suppose -o - u + 46 = 0. What are the prime factors of o?
29
Let g = -41 + 57. Let r = -16 + g. Suppose -4*h + 28 + r = 0. What are the prime factors of h?
7
Let c(z) = -z**2 - 13*z - 10. Let n be c(-13). Let w(l) = l**3 + 6 - 9*l**2 + 9*l - 3*l**3 + l**3. List the prime factors of w(n).
2
List the prime factors of 32/240 + 0 + (-4933)/(-15).
7, 47
What are the prime factors of (1199/55 + 1)/(4/190)?
3, 19
Suppose 4*s + 20734 = 11*s. List the prime factors of s.
2, 1481
Let i = 1488 + -949. What are the prime factors of i?
7, 11
Let r = 90 + -65. Suppose -r = 5*t, -7*p + 2*p + t = -1020. List the prime factors of p.
7, 29
Let b be 3/(-7)*28/(-12)*3. Suppose -3*v = a - 946, -3*a = b*v - 725 - 217. List the prime factors of v.
2, 79
Let s = -4872 - -7018. What are the prime factors of s?
2, 29, 37
Let f(h) = h**3 - 9*h**2 + 9*h - 5. Let a be f(8). Suppose a*p = 242 - 41. List the prime factors of p.
67
Let w(r) = -2*r - 3. Let o be w(-3). Suppose 0 = 4*x + z - 46, 5*x = -8*z + o*z + 65. Let n = 26 + x. What are the prime factors of n?
37
Let a(j) = 3*j**3 - 3*j**2 - 25*j + 6. What are the prime factors of a(7)?
23, 31
Let c(u) = 29*u + 4. Suppose 0 = -5*s + 10 + 5. What are the prime factors of c(s)?
7, 13
List the prime factors of 26*(-6)/(-24)*10.
5, 13
Suppose 12 = -2*f + f. Let x = 17 + f. List the prime factors of x.
5
Let y(f) = -2*f - 9. Let s = 12 - 19. Let k be y(s). Suppose 2*a = 2*v + 38, 4*v - v = k*a - 103. List the prime factors of a.
23
Suppose 0 = -2*x + 1426 + 416. What are the prime factors of x?
3, 307
Let c = -716 + 1084. What are the prime factors of c?
2, 23
Let l be (0 - -2)*(-3)/(-2). Let f be (-11 + (l - 0))*-1. Suppose -3*k + f = 2. What a